{"id":1391,"date":"2017-09-12T16:03:18","date_gmt":"2017-09-12T16:03:18","guid":{"rendered":"http:\/\/www.pelz.cl\/sitio\/?page_id=1391"},"modified":"2017-10-06T18:27:40","modified_gmt":"2017-10-06T18:27:40","slug":"cambios-y-devoluciones","status":"publish","type":"page","link":"https:\/\/www.pelz.cl\/sitio\/cambios-y-devoluciones\/","title":{"rendered":"Cambios y Devoluciones"},"content":{"rendered":"<h2>Cambios y devoluciones<\/h2>\n<p>&nbsp;<\/p>\n<p><strong>\u00a0\u00bfC\u00f3mo puedo cambiar un producto?<\/strong><\/p>\n<p>Para hacer alg\u00fan cambio o devoluci\u00f3n en nuestra tienda debes tener en consideraci\u00f3n los siguientes puntos:<\/p>\n<p>&#8211; Los cambios se permiten hasta 10 d\u00edas de ser emitida la boleta o factura en nuestra tienda f\u00edsica ubicada en Irarr\u00e1zaval 1816, comuna \u00d1u\u00f1oa, Santiago.<\/p>\n<p>&#8211; Debes presentar tu boleta o factura de forma f\u00edsica o electr\u00f3nica al momento de solicitar el cambio.<\/p>\n<p>&#8211; El producto no debi\u00f3 ser utilizado y debe tener las etiquetas originales. En el caso de calzados, debe incluir la caja o empaque original.<\/p>\n<p>&#8211; Los cambios en tienda se pueden hacer por un producto del mismo o mayor valor. En caso de productos de mayor valor, se debe pagar la diferencia. Se permiten cambios en colores y tallas.<\/p>\n<p>&#8211; No hay derecho a retracto.<\/p>\n","protected":false},"excerpt":{"rendered":"<p>Cambios y devoluciones &nbsp; \u00a0\u00bfC\u00f3mo puedo cambiar un producto? Para hacer alg\u00fan cambio o devoluci\u00f3n en nuestra tienda debes tener en consideraci\u00f3n los siguientes puntos: &#8211; Los cambios se permiten hasta 10 d\u00edas de ser emitida la boleta o factura en nuestra tienda f\u00edsica ubicada en Irarr\u00e1zaval 1816, comuna \u00d1u\u00f1oa, Santiago. &#8211; Debes presentar tu [&hellip;]\n","protected":false},"author":1,"featured_media":0,"parent":0,"menu_order":0,"comment_status":"closed","ping_status":"closed","template":"","meta":[],"_links":{"self":[{"href":"https:\/\/www.pelz.cl\/sitio\/wp-json\/wp\/v2\/pages\/1391"}],"collection":[{"href":"https:\/\/www.pelz.cl\/sitio\/wp-json\/wp\/v2\/pages"}],"about":[{"href":"https:\/\/www.pelz.cl\/sitio\/wp-json\/wp\/v2\/types\/page"}],"author":[{"embeddable":true,"href":"https:\/\/www.pelz.cl\/sitio\/wp-json\/wp\/v2\/users\/1"}],"replies":[{"embeddable":true,"href":"https:\/\/www.pelz.cl\/sitio\/wp-json\/wp\/v2\/comments?post=1391"}],"version-history":[{"count":6,"href":"https:\/\/www.pelz.cl\/sitio\/wp-json\/wp\/v2\/pages\/1391\/revisions"}],"predecessor-version":[{"id":1733,"href":"https:\/\/www.pelz.cl\/sitio\/wp-json\/wp\/v2\/pages\/1391\/revisions\/1733"}],"wp:attachment":[{"href":"https:\/\/www.pelz.cl\/sitio\/wp-json\/wp\/v2\/media?parent=1391"}],"curies":[{"name":"wp","href":"https:\/\/api.w.org\/{rel}","templated":true}]}}