{"id":1013,"date":"2017-08-22T19:54:08","date_gmt":"2017-08-22T19:54:08","guid":{"rendered":"http:\/\/www.pelz.cl\/sitio\/?post_type=product&#038;p=1013"},"modified":"2017-11-06T16:28:52","modified_gmt":"2017-11-06T16:28:52","slug":"malla-ml","status":"publish","type":"product","link":"https:\/\/www.pelz.cl\/sitio\/producto\/malla-ml\/","title":{"rendered":"Malla"},"content":{"rendered":"<ul>\n<li>Malla sin mangas o manga larga cuello en V, con cortes y cristales.<\/li>\n<li>Tela: lycra mystique y solid mesh.<\/li>\n<li>Premium nylon\/spandex.<\/li>\n<li>Composici\u00f3n: 80% nylon, 20% spandex.<\/li>\n<\/ul>\n<p>Nota: Tiempo estimado de entrega 15 d\u00edas h\u00e1biles aproximadamente.<\/p>\n","protected":false},"excerpt":{"rendered":"<p>Malla sin mangas o manga larga cuello en V, con cortes y cristales. Tela: lycra mystique y solid mesh. Premium nylon\/spandex. Composici\u00f3n: 80% nylon, 20% spandex. Nota: Tiempo estimado de entrega 15 d\u00edas h\u00e1biles aproximadamente.<\/p>\n","protected":false},"featured_media":1256,"template":"","meta":[],"product_cat":[98],"product_tag":[],"_links":{"self":[{"href":"https:\/\/www.pelz.cl\/sitio\/wp-json\/wp\/v2\/product\/1013"}],"collection":[{"href":"https:\/\/www.pelz.cl\/sitio\/wp-json\/wp\/v2\/product"}],"about":[{"href":"https:\/\/www.pelz.cl\/sitio\/wp-json\/wp\/v2\/types\/product"}],"wp:featuredmedia":[{"embeddable":true,"href":"https:\/\/www.pelz.cl\/sitio\/wp-json\/wp\/v2\/media\/1256"}],"wp:attachment":[{"href":"https:\/\/www.pelz.cl\/sitio\/wp-json\/wp\/v2\/media?parent=1013"}],"wp:term":[{"taxonomy":"product_cat","embeddable":true,"href":"https:\/\/www.pelz.cl\/sitio\/wp-json\/wp\/v2\/product_cat?post=1013"},{"taxonomy":"product_tag","embeddable":true,"href":"https:\/\/www.pelz.cl\/sitio\/wp-json\/wp\/v2\/product_tag?post=1013"}],"curies":[{"name":"wp","href":"https:\/\/api.w.org\/{rel}","templated":true}]}}