{"id":1025,"date":"2017-08-22T20:09:22","date_gmt":"2017-08-22T20:09:22","guid":{"rendered":"http:\/\/www.pelz.cl\/sitio\/?post_type=product&#038;p=1025"},"modified":"2024-04-11T05:40:13","modified_gmt":"2024-04-11T05:40:13","slug":"short-olimpo-de-san-pedro-de-la-paz","status":"publish","type":"product","link":"https:\/\/www.pelz.cl\/sitio\/producto\/short-olimpo-de-san-pedro-de-la-paz\/","title":{"rendered":"Short Olimpo de San Pedro de la Paz"},"content":{"rendered":"<ul>\n<li>Malla con aplicaciones,mesh y cristales de 16.<\/li>\n<li>Tela: lycra mystique y solid mesh.<\/li>\n<li>Composici\u00f3n: 80% nylon, 20% spandex.<\/li>\n<\/ul>\n<p>Nota: Tiempo estimado de entrega 15 d\u00edas h\u00e1biles aproximadamente.<\/p>\n","protected":false},"excerpt":{"rendered":"<p>Malla con aplicaciones,mesh y cristales de 16. Tela: lycra mystique y solid mesh. Composici\u00f3n: 80% nylon, 20% spandex. Nota: Tiempo estimado de entrega 15 d\u00edas h\u00e1biles aproximadamente.<\/p>\n","protected":false},"featured_media":0,"template":"","meta":[],"product_cat":[114],"product_tag":[],"_links":{"self":[{"href":"https:\/\/www.pelz.cl\/sitio\/wp-json\/wp\/v2\/product\/1025"}],"collection":[{"href":"https:\/\/www.pelz.cl\/sitio\/wp-json\/wp\/v2\/product"}],"about":[{"href":"https:\/\/www.pelz.cl\/sitio\/wp-json\/wp\/v2\/types\/product"}],"wp:attachment":[{"href":"https:\/\/www.pelz.cl\/sitio\/wp-json\/wp\/v2\/media?parent=1025"}],"wp:term":[{"taxonomy":"product_cat","embeddable":true,"href":"https:\/\/www.pelz.cl\/sitio\/wp-json\/wp\/v2\/product_cat?post=1025"},{"taxonomy":"product_tag","embeddable":true,"href":"https:\/\/www.pelz.cl\/sitio\/wp-json\/wp\/v2\/product_tag?post=1025"}],"curies":[{"name":"wp","href":"https:\/\/api.w.org\/{rel}","templated":true}]}}