{"id":2014,"date":"2017-10-17T15:28:50","date_gmt":"2017-10-17T15:28:50","guid":{"rendered":"http:\/\/www.pelz.cl\/sitio\/?post_type=product&#038;p=2014"},"modified":"2019-07-05T22:32:25","modified_gmt":"2019-07-05T22:32:25","slug":"club-deportivo-olimpico-de-aysen","status":"publish","type":"product","link":"https:\/\/www.pelz.cl\/sitio\/producto\/club-deportivo-olimpico-de-aysen\/","title":{"rendered":"Club deportivo Ol\u00edmpico de Aysen"},"content":{"rendered":"<ul>\n<li>Malla de gimnasia art\u00edstica confeccionada en mystique y 60 cristales.<\/li>\n<li>Tela: lycra mystique y mesh con holograma.<\/li>\n<li>Composici\u00f3n: 80% nylon, 20% spandex.<\/li>\n<\/ul>\n<p>Nota:Estos productos no se encuentran en stock.<\/p>\n<p>Tiempo estimado de entrega 15 d\u00edas h\u00e1biles aproximadamente.<\/p>\n","protected":false},"excerpt":{"rendered":"<p>Malla de gimnasia art\u00edstica confeccionada en mystique y 60 cristales. Tela: lycra mystique y mesh con holograma. Composici\u00f3n: 80% nylon, 20% spandex. Nota:Estos productos no se encuentran en stock. Tiempo estimado de entrega 15 d\u00edas h\u00e1biles aproximadamente.<\/p>\n","protected":false},"featured_media":5555,"template":"","meta":[],"product_cat":[98],"product_tag":[],"_links":{"self":[{"href":"https:\/\/www.pelz.cl\/sitio\/wp-json\/wp\/v2\/product\/2014"}],"collection":[{"href":"https:\/\/www.pelz.cl\/sitio\/wp-json\/wp\/v2\/product"}],"about":[{"href":"https:\/\/www.pelz.cl\/sitio\/wp-json\/wp\/v2\/types\/product"}],"wp:featuredmedia":[{"embeddable":true,"href":"https:\/\/www.pelz.cl\/sitio\/wp-json\/wp\/v2\/media\/5555"}],"wp:attachment":[{"href":"https:\/\/www.pelz.cl\/sitio\/wp-json\/wp\/v2\/media?parent=2014"}],"wp:term":[{"taxonomy":"product_cat","embeddable":true,"href":"https:\/\/www.pelz.cl\/sitio\/wp-json\/wp\/v2\/product_cat?post=2014"},{"taxonomy":"product_tag","embeddable":true,"href":"https:\/\/www.pelz.cl\/sitio\/wp-json\/wp\/v2\/product_tag?post=2014"}],"curies":[{"name":"wp","href":"https:\/\/api.w.org\/{rel}","templated":true}]}}