{"id":3135,"date":"2017-11-02T13:56:41","date_gmt":"2017-11-02T13:56:41","guid":{"rendered":"http:\/\/www.pelz.cl\/sitio\/?post_type=product&#038;p=3135"},"modified":"2024-06-13T17:12:34","modified_gmt":"2024-06-13T17:12:34","slug":"malla-colegio-sagrado-corazon-de-apoquindo","status":"publish","type":"product","link":"https:\/\/www.pelz.cl\/sitio\/producto\/malla-colegio-sagrado-corazon-de-apoquindo\/","title":{"rendered":"Malla colegio Sagrado Corazon Apoquindo"},"content":{"rendered":"<ul>\n<li>Malla combinada manga larga.<\/li>\n<li>Tela: lycra.<\/li>\n<li>Composici\u00f3n: 80% nylon, 20% spandex.<\/li>\n<\/ul>\n<p>Nota: Tiempo estimado de entrega 15 d\u00edas h\u00e1biles aproximadamente.<\/p>\n","protected":false},"excerpt":{"rendered":"<p>Malla combinada manga larga. Tela: lycra. Composici\u00f3n: 80% nylon, 20% spandex. Nota: Tiempo estimado de entrega 15 d\u00edas h\u00e1biles aproximadamente.<\/p>\n","protected":false},"featured_media":3147,"template":"","meta":[],"product_cat":[19,92,219],"product_tag":[],"_links":{"self":[{"href":"https:\/\/www.pelz.cl\/sitio\/wp-json\/wp\/v2\/product\/3135"}],"collection":[{"href":"https:\/\/www.pelz.cl\/sitio\/wp-json\/wp\/v2\/product"}],"about":[{"href":"https:\/\/www.pelz.cl\/sitio\/wp-json\/wp\/v2\/types\/product"}],"wp:featuredmedia":[{"embeddable":true,"href":"https:\/\/www.pelz.cl\/sitio\/wp-json\/wp\/v2\/media\/3147"}],"wp:attachment":[{"href":"https:\/\/www.pelz.cl\/sitio\/wp-json\/wp\/v2\/media?parent=3135"}],"wp:term":[{"taxonomy":"product_cat","embeddable":true,"href":"https:\/\/www.pelz.cl\/sitio\/wp-json\/wp\/v2\/product_cat?post=3135"},{"taxonomy":"product_tag","embeddable":true,"href":"https:\/\/www.pelz.cl\/sitio\/wp-json\/wp\/v2\/product_tag?post=3135"}],"curies":[{"name":"wp","href":"https:\/\/api.w.org\/{rel}","templated":true}]}}