{"id":3574,"date":"2018-04-03T22:08:05","date_gmt":"2018-04-03T22:08:05","guid":{"rendered":"http:\/\/www.pelz.cl\/sitio\/?post_type=product&#038;p=3574"},"modified":"2026-04-14T13:21:37","modified_gmt":"2026-04-14T13:21:37","slug":"malla-colegio-san-benito","status":"publish","type":"product","link":"https:\/\/www.pelz.cl\/sitio\/producto\/malla-colegio-san-benito\/","title":{"rendered":"Malla Colegio San Benito"},"content":{"rendered":"<p>-Malla exclusiva del colegio San Benito<\/p>\n<p>-Malla sublimada en cuerpo y mangas.<\/p>\n<p>-Con forro.<\/p>\n<p>-Con 100 cristales mixtos.<\/p>\n<p>-Tela: lycra, malla con lycra.<br \/>\nComposici\u00f3n: 80% nylon, 20% spandex.<\/p>\n<p>-Collet rojo-<\/p>\n<p>Nota: Esta malla no se encuentra en stock,se fabrica a pedido.<\/p>\n<p>-Tiempo estimado de entrega 15 d\u00edas h\u00e1biles aproximadamente.<\/p>\n","protected":false},"excerpt":{"rendered":"<p>Esta malla tiene un tiempo de realizaci\u00f3n de 15 d\u00edas h\u00e1biles.<\/p>\n","protected":false},"featured_media":9799,"template":"","meta":[],"product_cat":[19,92],"product_tag":[564,563,562],"_links":{"self":[{"href":"https:\/\/www.pelz.cl\/sitio\/wp-json\/wp\/v2\/product\/3574"}],"collection":[{"href":"https:\/\/www.pelz.cl\/sitio\/wp-json\/wp\/v2\/product"}],"about":[{"href":"https:\/\/www.pelz.cl\/sitio\/wp-json\/wp\/v2\/types\/product"}],"wp:featuredmedia":[{"embeddable":true,"href":"https:\/\/www.pelz.cl\/sitio\/wp-json\/wp\/v2\/media\/9799"}],"wp:attachment":[{"href":"https:\/\/www.pelz.cl\/sitio\/wp-json\/wp\/v2\/media?parent=3574"}],"wp:term":[{"taxonomy":"product_cat","embeddable":true,"href":"https:\/\/www.pelz.cl\/sitio\/wp-json\/wp\/v2\/product_cat?post=3574"},{"taxonomy":"product_tag","embeddable":true,"href":"https:\/\/www.pelz.cl\/sitio\/wp-json\/wp\/v2\/product_tag?post=3574"}],"curies":[{"name":"wp","href":"https:\/\/api.w.org\/{rel}","templated":true}]}}