{"id":5047,"date":"2019-03-13T16:42:32","date_gmt":"2019-03-13T16:42:32","guid":{"rendered":"http:\/\/www.pelz.cl\/sitio\/?post_type=product&#038;p=5047"},"modified":"2022-08-30T04:34:29","modified_gmt":"2022-08-30T04:34:29","slug":"jamer","status":"publish","type":"product","link":"https:\/\/www.pelz.cl\/sitio\/producto\/jamer\/","title":{"rendered":"Jamer"},"content":{"rendered":"<ul>\n<li><span class=\"catchline\">Traje de ba\u00f1o que ofrece una buena libertad de movimientos.<\/span><\/li>\n<li>Tela: lycra<\/li>\n<li>Composici\u00f3n: 83% poli\u00e9ster, 17% elastano.<\/li>\n<\/ul>\n","protected":false},"excerpt":{"rendered":"<p>Traje de ba\u00f1o que ofrece una buena libertad de movimientos. Tela: lycra Composici\u00f3n: 83% poli\u00e9ster, 17% elastano.<\/p>\n","protected":false},"featured_media":5048,"template":"","meta":[],"product_cat":[16,29,239],"product_tag":[392,446,408,422,443,431,396,360],"_links":{"self":[{"href":"https:\/\/www.pelz.cl\/sitio\/wp-json\/wp\/v2\/product\/5047"}],"collection":[{"href":"https:\/\/www.pelz.cl\/sitio\/wp-json\/wp\/v2\/product"}],"about":[{"href":"https:\/\/www.pelz.cl\/sitio\/wp-json\/wp\/v2\/types\/product"}],"wp:featuredmedia":[{"embeddable":true,"href":"https:\/\/www.pelz.cl\/sitio\/wp-json\/wp\/v2\/media\/5048"}],"wp:attachment":[{"href":"https:\/\/www.pelz.cl\/sitio\/wp-json\/wp\/v2\/media?parent=5047"}],"wp:term":[{"taxonomy":"product_cat","embeddable":true,"href":"https:\/\/www.pelz.cl\/sitio\/wp-json\/wp\/v2\/product_cat?post=5047"},{"taxonomy":"product_tag","embeddable":true,"href":"https:\/\/www.pelz.cl\/sitio\/wp-json\/wp\/v2\/product_tag?post=5047"}],"curies":[{"name":"wp","href":"https:\/\/api.w.org\/{rel}","templated":true}]}}