{"id":5693,"date":"2019-10-16T21:55:57","date_gmt":"2019-10-16T21:55:57","guid":{"rendered":"http:\/\/www.pelz.cl\/sitio\/?post_type=product&#038;p=5693"},"modified":"2025-09-22T22:15:27","modified_gmt":"2025-09-22T22:15:27","slug":"malla-sublimada-jenniffer-moreno","status":"publish","type":"product","link":"https:\/\/www.pelz.cl\/sitio\/producto\/malla-sublimada-jenniffer-moreno\/","title":{"rendered":"Malla, short y pantalon de hombre sublimada Jenniffer Moreno"},"content":{"rendered":"<p>.-Malla deportiva sublimada modelo exclusivo del club.<\/p>\n<p>-Pantalon de gimnasia color azulino.<\/p>\n<p>-Short de gimnasia color azulino.<\/p>\n<p>Tela: lycra<br \/>\nComposici\u00f3n: 80% poli\u00e9ster, 20% elastano.<br \/>\nNota: No est\u00e1 en stock,se fabrica\u00a0 a pedido.<\/p>\n","protected":false},"excerpt":{"rendered":"<p>.-Malla deportiva sublimada modelo exclusivo del club. -Pantalon de gimnasia color azulino. -Short de gimnasia color azulino. Tela: lycra Composici\u00f3n: 80% poli\u00e9ster, 20% elastano. Nota: No est\u00e1 en stock,se fabrica\u00a0 a pedido.<\/p>\n","protected":false},"featured_media":5695,"template":"","meta":[],"product_cat":[519,185],"product_tag":[362,367,414,443,423,424,438],"_links":{"self":[{"href":"https:\/\/www.pelz.cl\/sitio\/wp-json\/wp\/v2\/product\/5693"}],"collection":[{"href":"https:\/\/www.pelz.cl\/sitio\/wp-json\/wp\/v2\/product"}],"about":[{"href":"https:\/\/www.pelz.cl\/sitio\/wp-json\/wp\/v2\/types\/product"}],"wp:featuredmedia":[{"embeddable":true,"href":"https:\/\/www.pelz.cl\/sitio\/wp-json\/wp\/v2\/media\/5695"}],"wp:attachment":[{"href":"https:\/\/www.pelz.cl\/sitio\/wp-json\/wp\/v2\/media?parent=5693"}],"wp:term":[{"taxonomy":"product_cat","embeddable":true,"href":"https:\/\/www.pelz.cl\/sitio\/wp-json\/wp\/v2\/product_cat?post=5693"},{"taxonomy":"product_tag","embeddable":true,"href":"https:\/\/www.pelz.cl\/sitio\/wp-json\/wp\/v2\/product_tag?post=5693"}],"curies":[{"name":"wp","href":"https:\/\/api.w.org\/{rel}","templated":true}]}}