{"id":687,"date":"2024-02-03T12:46:31","date_gmt":"2024-02-03T12:46:31","guid":{"rendered":"http:\/\/www.pelz.cl\/sitio\/?post_type=product&#038;p=687"},"modified":"2026-03-19T20:56:21","modified_gmt":"2026-03-19T20:56:21","slug":"stm-pantalon-de-buzo","status":"publish","type":"product","link":"https:\/\/www.pelz.cl\/sitio\/producto\/stm-pantalon-de-buzo\/","title":{"rendered":"STM pantalon de buzo"},"content":{"rendered":"<ul>\n<li>Pantalon de buzo con bolsillos.<\/li>\n<li>Tela: franela polycotton.<\/li>\n<li>Composici\u00f3n: 70% algod\u00f3n, 30% poli\u00e9ster.<\/li>\n<\/ul>\n","protected":false},"excerpt":{"rendered":"<p style=\"font-weight: 400;\">Este producto podr\u00eda tener una demora de hasta 15 d\u00edas h\u00e1biles.<\/p>\n","protected":false},"featured_media":796,"template":"","meta":[],"product_cat":[21,98],"product_tag":[],"_links":{"self":[{"href":"https:\/\/www.pelz.cl\/sitio\/wp-json\/wp\/v2\/product\/687"}],"collection":[{"href":"https:\/\/www.pelz.cl\/sitio\/wp-json\/wp\/v2\/product"}],"about":[{"href":"https:\/\/www.pelz.cl\/sitio\/wp-json\/wp\/v2\/types\/product"}],"wp:featuredmedia":[{"embeddable":true,"href":"https:\/\/www.pelz.cl\/sitio\/wp-json\/wp\/v2\/media\/796"}],"wp:attachment":[{"href":"https:\/\/www.pelz.cl\/sitio\/wp-json\/wp\/v2\/media?parent=687"}],"wp:term":[{"taxonomy":"product_cat","embeddable":true,"href":"https:\/\/www.pelz.cl\/sitio\/wp-json\/wp\/v2\/product_cat?post=687"},{"taxonomy":"product_tag","embeddable":true,"href":"https:\/\/www.pelz.cl\/sitio\/wp-json\/wp\/v2\/product_tag?post=687"}],"curies":[{"name":"wp","href":"https:\/\/api.w.org\/{rel}","templated":true}]}}