{"id":7953,"date":"2023-04-06T22:30:48","date_gmt":"2023-04-06T22:30:48","guid":{"rendered":"https:\/\/www.pelz.cl\/sitio\/?post_type=product&#038;p=7953"},"modified":"2026-01-30T02:22:34","modified_gmt":"2026-01-30T02:22:34","slug":"pantalon-azulino-gimnasia-hombre","status":"publish","type":"product","link":"https:\/\/www.pelz.cl\/sitio\/producto\/pantalon-azulino-gimnasia-hombre\/","title":{"rendered":"PANTALON AZULINO GIMNASIA HOMBRE"},"content":{"rendered":"<ul>\n<li>Pantal\u00f3n de var\u00f3n para gimnasia, confeccionado en lycra deportiva.<\/li>\n<li>Tela: lycra semimate.<\/li>\n<li>Composici\u00f3n: 80% poli\u00e9ster, 20% elastano.<\/li>\n<\/ul>\n<p>Nota: Tiempo estimado de entrega 15 d\u00edas h\u00e1biles aproximadamente.<\/p>\n<p>LOS COLORES DE LAS IMAGENES SON REFERENCIALES, PUEDEN VARIAR.<\/p>\n","protected":false},"excerpt":{"rendered":"<p>Pantal\u00f3n de var\u00f3n para gimnasia, confeccionado en lycra deportiva. Tela: lycra semimate. Composici\u00f3n: 80% poli\u00e9ster, 20% elastano. Nota: Tiempo estimado de entrega 15 d\u00edas h\u00e1biles aproximadamente. LOS COLORES DE LAS IMAGENES SON REFERENCIALES, PUEDEN VARIAR.<\/p>\n","protected":false},"featured_media":8000,"template":"","meta":[],"product_cat":[19,91],"product_tag":[],"_links":{"self":[{"href":"https:\/\/www.pelz.cl\/sitio\/wp-json\/wp\/v2\/product\/7953"}],"collection":[{"href":"https:\/\/www.pelz.cl\/sitio\/wp-json\/wp\/v2\/product"}],"about":[{"href":"https:\/\/www.pelz.cl\/sitio\/wp-json\/wp\/v2\/types\/product"}],"wp:featuredmedia":[{"embeddable":true,"href":"https:\/\/www.pelz.cl\/sitio\/wp-json\/wp\/v2\/media\/8000"}],"wp:attachment":[{"href":"https:\/\/www.pelz.cl\/sitio\/wp-json\/wp\/v2\/media?parent=7953"}],"wp:term":[{"taxonomy":"product_cat","embeddable":true,"href":"https:\/\/www.pelz.cl\/sitio\/wp-json\/wp\/v2\/product_cat?post=7953"},{"taxonomy":"product_tag","embeddable":true,"href":"https:\/\/www.pelz.cl\/sitio\/wp-json\/wp\/v2\/product_tag?post=7953"}],"curies":[{"name":"wp","href":"https:\/\/api.w.org\/{rel}","templated":true}]}}