{"id":914,"date":"2017-08-21T19:37:28","date_gmt":"2017-08-21T19:37:28","guid":{"rendered":"http:\/\/www.pelz.cl\/sitio\/?post_type=product&#038;p=914"},"modified":"2026-02-15T22:25:11","modified_gmt":"2026-02-15T22:25:11","slug":"tas-polera-pique-manga-corta","status":"publish","type":"product","link":"https:\/\/www.pelz.cl\/sitio\/producto\/tas-polera-pique-manga-corta\/","title":{"rendered":"TAS Polera pique manga corta"},"content":{"rendered":"<ul>\n<li>Polera manga corta, para uniforme formal.<\/li>\n<li>Tela: pique polycotton.<\/li>\n<li>Composici\u00f3n: 50% algod\u00f3n, 50% poli\u00e9ster.<\/li>\n<\/ul>\n","protected":false},"excerpt":{"rendered":"<p>Polera manga corta, para uniforme formal. Tela: pique polycotton. Composici\u00f3n: 50% algod\u00f3n, 50% poli\u00e9ster.<\/p>\n","protected":false},"featured_media":915,"template":"","meta":[],"product_cat":[524],"product_tag":[],"_links":{"self":[{"href":"https:\/\/www.pelz.cl\/sitio\/wp-json\/wp\/v2\/product\/914"}],"collection":[{"href":"https:\/\/www.pelz.cl\/sitio\/wp-json\/wp\/v2\/product"}],"about":[{"href":"https:\/\/www.pelz.cl\/sitio\/wp-json\/wp\/v2\/types\/product"}],"wp:featuredmedia":[{"embeddable":true,"href":"https:\/\/www.pelz.cl\/sitio\/wp-json\/wp\/v2\/media\/915"}],"wp:attachment":[{"href":"https:\/\/www.pelz.cl\/sitio\/wp-json\/wp\/v2\/media?parent=914"}],"wp:term":[{"taxonomy":"product_cat","embeddable":true,"href":"https:\/\/www.pelz.cl\/sitio\/wp-json\/wp\/v2\/product_cat?post=914"},{"taxonomy":"product_tag","embeddable":true,"href":"https:\/\/www.pelz.cl\/sitio\/wp-json\/wp\/v2\/product_tag?post=914"}],"curies":[{"name":"wp","href":"https:\/\/api.w.org\/{rel}","templated":true}]}}

<ul>
<li>Polera manga corta, para uniforme formal.</li>
<li>Tela: pique polycotton.</li>
<li>Composición: 50% algodón, 50% poliéster.</li>
</ul>

<p>Polera manga corta, para uniforme formal. Tela: pique polycotton. Composición: 50% algodón, 50% poliéster.</p>
